5, 31, 137
List the prime factors of 869.
11, 79
List the prime factors of 8674.
2, 4337
What are the prime factors of 591?
3, 197
List the prime factors of 4965.
3, 5, 331
List the prime factors of 2578.
2, 1289
What are the prime factors of 1847?
1847
List the prime factors of 43286.
2, 23, 941
List the prime factors of 1878.
2, 3, 313
List the prime factors of 12321.
3, 37
What are the prime factors of 2025?
3, 5
List the prime factors of 93.
3, 31
List the prime factors of 17270.
2, 5, 11, 157
What are the prime factors of 475?
5, 19
What are the prime factors of 4101?
3, 1367
What are the prime factors of 50680?
2, 5, 7, 181
List the prime factors of 2774.
2, 19, 73
What are the prime factors of 77074?
2, 89, 433
List the prime factors of 15974.
2, 7, 163
What are the prime factors of 20345?
5, 13, 313
What are the prime factors of 16366?
2, 7, 167
List the prime factors of 17463.
3, 5821
List the prime factors of 19831.
7, 2833
What are the prime factors of 1245?
3, 5, 83
List the prime factors of 29500.
2, 5, 59
What are the prime factors of 41349?
3, 7, 11, 179
What are the prime factors of 1386?
2, 3, 7, 11
What are the prime factors of 1157?
13, 89
What are the prime factors of 21757?
21757
List the prime factors of 339.
3, 113
List the prime factors of 2828.
2, 7, 101
List the prime factors of 28339.
17, 1667
List the prime factors of 12292.
2, 7, 439
What are the prime factors of 1570?
2, 5, 157
What are the prime factors of 2920?
2, 5, 73
What are the prime factors of 16237?
13, 1249
What are the prime factors of 1086?
2, 3, 181
List the prime factors of 11335.
5, 2267
What are the prime factors of 1261?
13, 97
What are the prime factors of 10508?
2, 37, 71
What are the prime factors of 1367?
1367
List the prime factors of 885.
3, 5, 59
What are the prime factors of 33998?
2, 89, 191
What are the prime factors of 97613?
97613
List the prime factors of 19392.
2, 3, 101
What are the prime factors of 1207?
17, 71
List the prime factors of 13929.
3, 4643
List the prime factors of 5641.
5641
List the prime factors of 12230.
2, 5, 1223
What are the prime factors of 32537?
32537
What are the prime factors of 15426?
2, 3, 857
List the prime factors of 35188.
2, 19, 463
List the prime factors of 13217.
13217
List the prime factors of 670.
2, 5, 67
List the prime factors of 7576.
2, 947
List the prime factors of 973.
7, 139
List the prime factors of 34152.
2, 3, 1423
List the prime factors of 25056.
2, 3, 29
List the prime factors of 2773.
47, 59
List the prime factors of 26839.
26839
List the prime factors of 9802.
2, 13, 29
What are the prime factors of 1804?
2, 11, 41
What are the prime factors of 4492?
2, 1123
What are the prime factors of 3194?
2, 1597
What are the prime factors of 6451?
6451
List the prime factors of 2851.
2851
What are the prime factors of 17230?
2, 5, 1723
What are the prime factors of 1605?
3, 5, 107
What are the prime factors of 6369?
3, 11, 193
What are the prime factors of 8437?
11, 13, 59
What are the prime factors of 27706?
2, 7, 1979
What are the prime factors of 22422?
2, 3, 37, 101
List the prime factors of 2978.
2, 1489
What are the prime factors of 67022?
2, 23, 31, 47
What are the prime factors of 7283?
7283
List the prime factors of 19.
19
What are the prime factors of 1506?
2, 3, 251
List the prime factors of 70510.
2, 5, 11, 641
List the prime factors of 118169.
118169
List the prime factors of 9885.
3, 5, 659
List the prime factors of 151246.
2, 47, 1609
List the prime factors of 10911.
3, 3637
List the prime factors of 22354.
2, 11177
List the prime factors of 813.
3, 271
What are the prime factors of 3798?
2, 3, 211
List the prime factors of 2058.
2, 3, 7
List the prime factors of 16240.
2, 5, 7, 29
What are the prime factors of 904?
2, 113
List the prime factors of 68317.
53, 1289
What are the prime factors of 5537?
7, 113
What are the prime factors of 54211?
23, 2357
What are the prime factors of 23670?
2, 3, 5, 263
List the prime factors of 616.
2, 7, 11
What are the prime factors of 247?
13, 19
List the prime factors of 30478.
2, 7, 311
What are the prime factors of 7613?
23, 331
What are the prime factors of 19493?
101, 193
List the prime factors of 2038.
2, 1019
What are the prime factors of 4917?
3, 11, 149
List the prime factors of 2663.
2663
What are the prime factors of 3653?
13, 281
What are the prime factors of 84524?
2, 11, 17, 113
What are the prime factors of 24414?
2, 3, 13, 313
What are the prime factors of 16172?
2, 13, 311
List the prime factors of 2076.
2, 3, 173
What are the prime factors of 1516?
2, 379
List the prime factors of 47668.
2, 17, 701
List the prime factors of 2178.
2, 3, 11
What are the prime factors of 197?
197
What are the prime factors of 2567?
17, 151
List the prime factors of 6586.
2, 37, 89
List the prime factors of 70529.
70529
What are the prime factors of 6603?
3, 31, 71
List the prime factors of 1344.
2, 3, 7
What are the prime factors of 1243?
11, 113
List the prime factors of 50209.
23, 37, 59
What are the prime factors of 19162?
2, 11, 13, 67
List the prime factors of 2810.
2, 5, 281
What are the prime factors of 6544?
2, 409
List the prime factors of 51874.
2, 37, 701
List the prime factors of 30526.
2, 15263
What are the prime factors of 2199?
3, 733
What are the prime factors of 7515?
3, 5, 167
What are the prime factors of 6349?
7, 907
List the prime factors of 22072.
2, 31, 89
List the prime factors of 20613.
3, 6871
What are the prime factors of 30219?
3, 7, 1439
List the prime factors of 302.
2, 151
List the prime factors of 11765.
5, 13, 181
What are the prime factors of 47?
47
What are the prime factors of 24?
2, 3
What are the prime factors of 39441?
3, 13147
What are the prime factors of 1062?
2, 3, 59
List the prime factors of 23452.
2, 11, 13, 41
List the prime factors of 83619.
3, 19, 163
List the prime factors of 5013.
3, 557
List the prime factors of 377.
13, 29
List the prime factors of 11852.
2, 2963
List the prime factors of 26714.
2, 19, 37
List the prime factors of 12996.
2, 3, 19
What are the prime factors of 16428?
2, 3, 37
What are the prime factors of 21351?
3, 11, 647
List the prime factors of 5602.
2, 2801
List the prime factors of 34448.
2, 2153
What are the prime factors of 70640?
2, 5, 883
List the prime factors of 15591.
3, 5197
What are the prime factors of 883?
883
What are the prime factors of 22489?
43, 523
What are the prime factors of 27229?
73, 373
What are the prime factors of 177944?
2, 13, 29, 59
List the prime factors of 2062.
2, 1031
What are the prime factors of 7734?
2, 3, 1289
What are the prime factors of 8335?
5, 1667
List the prime factors of 18106.
2, 11, 823
What are the prime factors of 1096?
2, 137
What are the prime factors of 14668?
2, 19, 193
List the prime factors of 2434.
2, 1217
What are the prime factors of 16232?
2, 2029
List the prime factors of 9764.
2, 2441
List the prime factors of 6386.
2, 31, 103
What are the prime factors of 3358?
2, 23, 73
List the prime factors of 669.
3, 223
What are the prime factors of 1087?
1087
What are the prime factors of 184513?
7, 43, 613
List the prime factors of 12915.
3, 5, 7, 41
List the prime factors of 1110.
2, 3, 5, 37
What are the prime factors of 297?
3, 11
What are the prime factors of 2311?
2311
What are the prime factors of 1264?
2, 79
List the prime factors of 675.
3, 5
List the prime factors of 3654.
2, 3, 7, 29
List the prime factors of 8982.
2, 3, 499
List the prime factors of 1994.
2, 997
What are the prime factors of 167?
167
List the prime factors of 185.
5, 37
List the prime factors of 10879.
11, 23, 43
What are the prime factors of 21680?
2, 5, 271
List the prime factors of 375.
3, 5
What are the prime factors of 6109?
41, 149
List the prime factors of 40177.
40177
List the prime factors of 7339.
41, 179
List the prime factors of 4322.
2, 2161
List the prime factors of 18737.
41, 457
What are the prime factors of 6292?
2, 11, 13
What are the prime factors of 1090?
2, 5, 109
What are the prime factors of 2949?
3, 983
List the prime factors of 39776.
2, 11, 113
List the prime factors of 27917.
27917
What are the prime factors of 228?
2, 3, 19
List the prime factors of 4675.
5, 11, 17
What are the prime factors of 2074?
2, 17, 61
What